NOAA-style Climate Reports
Select a Year or Month report
Report for 2017 Dec
Warning: Undefined array key 1 in /home3/chattris/public_html/NOAA-reports.php on line 450
Deprecated: substr(): Passing null to parameter #1 ($string) of type string is deprecated in /home3/chattris/public_html/NOAA-reports.php on line 450
Monthly Climatological Summary for Dec 2017 Elevation: 5m Latitude: 52.456 Longitude: 0.057 Temperature in °C, Rain in mm, Wind Speed in mph and Pressure in hPa AVG AVG DOM DAY TEMP HIGH TIME LOW TIME RAIN WIND HIGH TIME DIR BAROM HUM ---------------------------------------------------------------------------------- 01 2.2 4.3 12:18 0.5 01:16 1.2 10.3 27.1 00:44 339 1020.1 91 02 3.8 5.8 23:35 1.8 06:00 0.0 4.1 12.1 00:04 258 1024.8 91 03 6.9 9.4 13:10 4.8 23:57 0.0 3.7 13.0 13:55 300 1025.0 94 04 5.2 9.2 13:32 1.6 06:20 0.0 5.0 14.1 13:09 275 1031.1 92 05 7.4 7.8 18:35 6.8 04:22 0.0 6.5 17.0 20:54 256 1032.4 86 06 8.7 10.6 12:44 7.2 02:24 0.0 9.0 27.1 23:50 217 1023.4 82 07 8.0 11.8 10:28 2.3 23:52 0.4 11.7 32.0 05:05 248 1006.4 84 08 1.5 3.6 12:10 -0.8 22:30 0.0 10.7 28.0 11:29 283 1011.9 84 09 0.2 3.1 13:33 -1.6 07:17 0.0 6.9 21.0 14:12 256 1011.4 89 10 -0.0 1.3 14:30 -2.5 02:08 9.0 5.1 17.0 07:33 031 981.7 94 11 1.3 3.9 12:46 -1.0 23:51 1.6 8.7 26.0 17:24 006 985.6 90 12 -0.6 2.4 23:33 -2.9 07:59 0.4 5.8 15.0 23:20 230 1004.5 92 13 4.0 7.1 14:35 0.7 22:57 4.2 8.3 31.1 15:27 240 992.5 94 14 2.8 5.4 14:09 1.3 01:49 0.0 9.0 25.1 05:33 241 987.2 89 15 2.8 4.9 14:09 1.3 05:20 0.4 11.0 30.0 11:52 319 997.0 90 16 0.8 3.4 14:34 -1.2 23:46 0.0 6.2 16.1 00:01 292 1015.7 90 17 2.2 7.9 21:29 -3.2 05:23 1.8 6.3 22.0 21:25 237 1019.8 95 18 2.5 5.5 14:09 -0.1 22:06 0.0 4.4 17.0 00:41 299 1027.5 91 19 2.9 6.6 22:58 -1.2 06:38 0.0 3.7 11.0 11:25 228 1032.5 95 20 8.8 10.4 18:33 6.6 00:00 0.0 4.3 14.0 18:33 244 1032.7 96 21 9.9 11.4 13:21 8.9 22:25 0.2 4.1 16.1 14:41 246 1032.9 95 22 8.8 10.4 12:56 7.6 05:10 0.0 4.1 13.0 20:37 251 1033.9 95 23 8.6 9.2 12:39 7.9 17:59 0.0 8.2 20.0 11:54 244 1030.3 94 24 8.7 9.7 10:47 7.3 08:20 0.0 10.7 27.1 14:21 230 1020.3 91 25 9.7 10.6 11:55 4.9 23:56 1.8 12.0 35.0 21:06 202 1003.3 87 26 4.1 5.6 13:57 2.6 08:11 15.4 9.4 24.0 01:50 214 991.0 92 27 1.7 4.8 00:27 -0.7 23:49 21.2 12.3 34.0 13:34 337 986.3 91 28 0.5 2.9 13:41 -1.3 23:58 0.0 7.4 20.0 07:45 253 1000.3 91 29 2.5 6.1 14:43 -2.4 01:56 4.6 9.0 33.1 12:07 207 994.3 91 30 8.5 12.3 14:29 3.6 00:00 4.8 8.9 37.0 11:52 219 992.7 88 31 9.1 12.4 04:14 5.6 23:41 1.6 9.7 33.1 05:16 219 990.8 91 ---------------------------------------------------------------------------------- MONTH 4.6 16.4 31 -3.2 17 68.6 7.6 37.0 30 WSW 1010.9 91