NOAA-style Climate Reports
Select a Year or Month report
Report for 2018 Jul
Warning: Undefined array key 1 in /home3/chattris/public_html/NOAA-reports.php on line 450
Deprecated: substr(): Passing null to parameter #1 ($string) of type string is deprecated in /home3/chattris/public_html/NOAA-reports.php on line 450
Monthly Climatological Summary for Jul 2018 Elevation: 5m Latitude: 52.456 Longitude: 0.057 Temperature in °C, Rain in mm, Wind Speed in mph and Pressure in hPa AVG AVG DOM DAY TEMP HIGH TIME LOW TIME RAIN WIND HIGH TIME DIR BAROM HUM ---------------------------------------------------------------------------------- 01 20.6 29.4 16:11 11.6 03:02 0.0 5.2 18.0 14:17 057 1013.6 60 02 20.0 27.8 15:58 12.1 04:13 0.0 6.8 23.0 16:52 052 1016.3 54 03 17.7 24.5 16:39 10.5 04:44 0.0 6.9 22.0 13:47 055 1018.0 65 04 17.9 27.1 17:07 10.8 01:47 0.0 3.4 13.0 20:38 054 1014.7 65 05 22.0 31.1 16:48 14.8 04:15 0.0 3.8 16.1 15:20 030 1013.9 57 06 20.3 29.1 18:01 13.6 05:09 0.0 3.8 14.1 10:38 032 1019.5 70 07 22.3 30.7 15:40 15.4 04:52 0.0 4.6 16.1 12:58 015 1022.1 67 08 21.6 29.1 16:20 14.6 04:46 0.0 3.4 16.1 15:11 023 1024.5 66 09 20.3 26.4 13:31 15.7 22:43 0.0 4.4 21.0 15:20 073 1024.8 68 10 16.4 21.1 17:19 13.1 03:54 0.0 6.7 19.0 18:17 021 1023.2 73 11 16.0 20.4 17:48 12.4 23:24 0.0 5.5 16.1 15:47 024 1021.2 80 12 16.4 22.2 17:22 12.7 23:47 0.0 4.4 15.0 15:18 042 1021.3 78 13 17.6 25.6 17:35 10.6 03:19 0.0 2.9 13.0 09:38 069 1021.4 72 14 20.9 29.9 16:20 12.1 05:00 0.0 4.3 17.0 19:40 171 1018.4 64 15 22.9 31.9 16:52 14.6 04:40 0.0 3.7 15.0 16:03 241 1014.2 55 16 23.1 30.2 14:46 15.9 05:47 0.0 4.1 16.1 21:50 288 1011.4 53 17 19.8 23.8 16:54 14.0 06:00 0.0 6.1 18.0 12:10 284 1013.2 60 18 20.0 25.9 14:50 13.4 05:58 0.0 3.3 13.0 19:55 252 1016.6 57 19 21.4 29.3 15:09 14.5 03:54 0.0 4.0 16.1 13:53 171 1016.9 57 20 20.3 28.9 15:00 12.4 04:50 0.8 3.6 18.0 19:47 195 1012.9 64 21 20.9 29.3 15:45 14.8 04:58 0.0 4.0 16.1 15:55 335 1012.6 67 22 21.1 26.7 15:36 16.8 02:32 0.0 3.7 14.1 13:26 307 1014.2 67 23 25.7 34.9 16:29 16.9 05:24 0.0 4.0 20.0 17:28 214 1013.8 58 24 24.3 31.8 16:32 18.0 05:23 0.0 6.2 23.0 14:37 275 1012.4 58 25 22.3 31.7 17:17 15.7 05:06 0.0 4.8 16.1 19:58 006 1015.3 60 26 25.4 34.8 15:21 16.2 05:09 0.0 5.2 30.0 16:09 128 1012.0 59 27 24.5 35.5 16:41 18.8 23:46 9.2 3.9 43.0 17:49 197 1007.5 69 28 18.9 24.2 15:28 15.7 23:27 0.8 9.6 39.0 12:34 220 1003.6 71 29 17.8 22.2 17:29 13.8 01:54 0.6 10.2 31.0 14:03 183 1003.6 84 30 20.2 26.7 15:55 14.9 04:54 0.0 6.4 25.1 15:38 207 1008.4 74 31 19.8 27.2 17:32 14.7 08:14 0.4 5.4 21.0 12:33 242 1013.8 64 ---------------------------------------------------------------------------------- MONTH 20.6 35.5 27 4.1 03 11.8 5.0 43.0 27 N 1015.3 65