NOAA-style Climate Reports
Select a Year or Month report
Report for 2020 Apr
Warning: Undefined array key 1 in /home3/chattris/public_html/NOAA-reports.php on line 450
Deprecated: substr(): Passing null to parameter #1 ($string) of type string is deprecated in /home3/chattris/public_html/NOAA-reports.php on line 450
Monthly Climatological Summary for Apr 2020 Elevation: 5m Latitude: 52.456 Longitude: 0.057 Temperature in °C, Rain in mm, Wind Speed in mph and Pressure in hPa AVG AVG DOM DAY TEMP HIGH TIME LOW TIME RAIN WIND HIGH TIME DIR BAROM HUM ---------------------------------------------------------------------------------- 01 5.0 9.3 13:16 0.1 03:38 0.0 3.2 15.0 15:21 301 1022.1 78 02 8.8 14.1 17:20 4.3 02:43 0.0 7.7 27.1 13:44 295 1013.2 73 03 8.4 13.7 17:19 4.3 02:39 0.0 4.4 14.1 10:54 277 1015.5 67 04 9.7 18.3 17:34 2.8 06:40 0.0 5.4 21.9 11:15 193 1018.2 68 05 12.3 22.8 16:26 3.9 06:25 0.0 6.6 27.0 12:48 145 1012.7 63 06 13.1 18.3 17:24 8.0 23:59 0.0 6.3 21.9 15:58 261 1014.7 63 07 11.7 21.4 16:43 3.3 06:58 0.0 3.5 19.0 16:56 149 1027.5 61 08 13.9 25.6 16:24 5.5 04:47 0.0 1.4 10.1 11:37 099 1023.7 66 09 14.1 19.9 15:04 8.6 03:52 0.0 3.6 19.0 16:24 087 1024.2 68 10 14.0 23.6 16:43 6.3 05:12 0.0 4.5 19.0 13:43 117 1024.1 67 11 14.8 25.7 16:23 6.1 06:32 0.2 2.7 19.9 15:45 188 1020.6 68 12 14.9 22.7 15:05 7.8 23:56 7.8 4.5 36.0 21:34 032 1013.8 74 13 7.3 9.7 14:57 5.6 23:56 0.2 9.4 27.1 10:09 057 1025.8 70 14 7.8 15.0 16:19 4.2 05:25 0.0 2.5 13.0 10:27 095 1027.5 64 15 10.0 18.7 15:53 2.4 04:00 0.0 2.7 12.1 15:30 176 1021.5 63 16 11.3 21.6 15:59 2.6 05:56 0.0 3.8 17.9 18:43 092 1015.7 64 17 10.4 14.9 16:10 7.0 23:53 0.0 9.3 23.9 12:19 076 1017.4 72 18 8.5 13.6 16:01 5.9 06:41 5.0 5.0 17.0 00:12 051 1017.5 83 19 10.1 16.3 15:33 5.7 22:46 0.0 6.6 22.0 12:34 058 1020.3 70 20 10.3 16.4 14:53 4.1 06:10 0.0 9.4 30.0 18:15 068 1018.7 66 21 11.3 17.4 15:48 5.8 05:49 0.0 8.5 25.9 12:11 068 1017.8 66 22 12.2 20.4 16:15 5.5 04:27 0.0 6.2 21.0 13:31 060 1019.8 67 23 12.4 21.2 16:21 5.3 05:57 0.0 4.7 17.0 14:57 024 1019.1 75 24 11.1 18.6 17:10 5.8 05:49 0.0 3.7 18.0 16:07 027 1015.6 72 25 10.1 17.7 16:21 4.9 01:00 0.0 3.2 14.1 22:33 105 1014.5 74 26 12.6 22.3 16:12 3.6 05:26 0.0 3.8 16.1 14:37 203 1010.0 66 27 11.9 16.2 15:55 9.2 06:24 0.0 4.5 17.0 18:33 028 1006.5 70 28 8.0 9.5 00:00 6.9 23:54 10.8 5.6 17.0 11:03 077 1004.7 88 29 9.2 13.2 13:02 6.3 04:12 2.4 4.4 20.0 16:35 148 999.8 88 30 : : : ---------------------------------------------------------------------------------- MONTH 10.9 25.7 11 0.1 01 26.4 5.1 36.0 12 E 1017.3 70