NOAA-style Climate Reports
Select a Year or Month report
Report for 2020 Dec
Warning: Undefined array key 1 in /home3/chattris/public_html/NOAA-reports.php on line 450
Deprecated: substr(): Passing null to parameter #1 ($string) of type string is deprecated in /home3/chattris/public_html/NOAA-reports.php on line 450
Monthly Climatological Summary for Dec 2020 Elevation: 5m Latitude: 52.456 Longitude: 0.057 Temperature in °C, Rain in mm, Wind Speed in mph and Pressure in hPa AVG AVG DOM DAY TEMP HIGH TIME LOW TIME RAIN WIND HIGH TIME DIR BAROM HUM ---------------------------------------------------------------------------------- 01 4.6 6.9 14:18 2.5 23:51 0.0 8.1 24.0 02:08 340 1023.6 85 02 4.1 7.1 13:56 1.8 04:26 0.0 3.2 12.1 13:11 256 1015.1 90 03 4.6 5.8 16:51 3.4 00:00 9.6 4.1 17.9 11:17 193 987.1 91 04 2.7 4.3 00:00 0.2 07:50 18.8 7.3 23.0 15:09 255 974.2 92 05 2.8 5.9 13:11 -0.3 23:56 1.6 3.3 16.1 09:46 082 991.8 92 06 -1.0 0.2 01:33 -2.2 07:27 0.0 1.0 8.1 05:04 341 1000.8 93 07 -0.9 0.3 17:52 -2.1 11:51 0.0 2.3 10.1 18:49 292 997.9 94 08 0.6 3.2 23:44 -0.9 07:56 3.0 3.5 13.0 19:39 203 1001.3 94 09 4.8 6.4 12:16 3.2 00:00 2.0 4.4 15.0 11:11 249 1003.1 92 10 4.7 6.1 23:26 3.1 07:57 0.0 6.0 22.0 19:18 134 998.2 90 11 7.6 9.4 12:43 6.1 00:00 4.6 2.6 19.9 00:03 176 985.4 92 12 6.9 8.1 10:51 4.7 23:43 1.8 4.6 16.1 13:29 303 996.6 91 13 5.8 9.9 20:20 1.3 04:27 2.4 6.8 28.0 14:28 183 999.8 92 14 9.2 11.3 13:42 6.9 23:56 0.8 6.7 23.0 04:04 198 996.4 89 15 6.4 9.7 13:38 4.5 08:26 0.0 4.4 21.0 12:46 183 1003.7 91 16 7.5 9.7 12:40 5.3 00:07 1.6 6.8 23.0 12:56 173 1005.4 90 17 6.9 9.5 23:54 5.1 04:45 0.0 5.7 20.0 23:04 209 1011.0 90 18 11.0 12.0 13:54 9.4 00:28 0.0 10.5 32.0 21:12 196 1007.1 88 19 9.1 11.2 00:00 6.2 22:31 1.0 8.5 28.0 00:39 194 1002.2 87 20 6.3 9.1 13:39 2.7 23:54 0.0 5.7 18.0 03:38 210 1009.6 88 21 9.3 12.8 17:22 2.6 00:08 5.4 7.1 24.0 17:23 191 1003.7 92 22 7.9 12.6 00:27 6.3 09:59 0.2 4.1 25.1 02:01 335 1008.8 90 23 8.6 10.3 13:07 6.1 23:42 27.4 5.6 32.0 21:27 082 1004.1 93 24 3.5 6.3 00:35 1.8 23:42 2.2 12.7 30.0 17:48 353 1020.0 87 25 1.5 3.8 13:16 0.4 03:46 0.0 7.1 20.0 00:54 312 1028.4 84 26 6.1 9.9 23:29 1.0 00:25 0.0 10.7 36.0 23:29 234 1010.3 88 27 4.9 9.7 00:00 0.2 22:56 3.2 9.3 46.1 01:16 229 973.3 86 28 0.9 2.4 12:38 -1.5 08:11 0.0 4.0 19.0 20:09 005 973.6 92 29 1.6 2.4 10:19 0.4 02:00 0.0 4.6 14.1 03:57 307 988.2 91 30 0.8 3.1 12:56 -0.7 23:57 0.0 4.5 12.1 03:48 279 1000.0 91 31 : : : ---------------------------------------------------------------------------------- MONTH 5.0 12.8 21 -2.2 06 85.6 5.8 46.1 27 SW 1000.7 90